{"id":102,"date":"2018-04-06T21:07:52","date_gmt":"2018-04-06T21:07:52","guid":{"rendered":"http:\/\/live-sant-francesc.pantheonsite.io\/?page_id=102"},"modified":"2018-05-08T06:20:55","modified_gmt":"2018-05-08T06:20:55","slug":"inicio","status":"publish","type":"page","link":"http:\/\/santfrancesc.fundacionxafer.org\/es\/","title":{"rendered":"Inicio"},"content":{"rendered":"<p><strong>Francesc Xavier Fern\u00e1ndez Hern\u00e1ndez,<\/strong> nascut a Barcelona i ve\u00ed de la ciutat de Palma de Mallorca, materialitza el seu expr\u00e9s desig en la constituci\u00f3 de la <strong>FUNDACI\u00d3 XAFER<\/strong> com a Instituci\u00f3 i Organitzaci\u00f3 al servei dels \u00e9ssers humans, per acompanyar i ajudar a tot home en el seu dret a: <strong>&#8220;Ser feli\u00e7, viure feli\u00e7 i fer feli\u00e7&#8221;.<\/strong><\/p>\n<p>Lorem ipsum dolor sit amet, consectetur adipiscing elit, sed do eiusmod tempor incididunt ut labore et dolore magna aliqua. Ut enim ad minim veniam, quis nostrud exercitation ullamco laboris nisi ut aliquip ex ea commodo consequat. Duis aute irure dolor in reprehenderit in voluptate velit esse cillum dolore eu fugiat nulla pariatur. Excepteur sint occaecat cupidatat non proident, sunt in culpa qui officia deserunt mollit anim id est laborum.<\/p>\n<p>Sed ut perspiciatis unde omnis iste natus error sit voluptatem accusantium doloremque laudantium, totam rem aperiam, eaque ipsa quae ab illo inventore veritatis et quasi architecto beatae vitae dicta sunt explicabo. Nemo enim ipsam voluptatem quia voluptas sit aspernatur aut odit aut fugit, sed quia consequuntur magni dolores eos qui ratione voluptatem sequi nesciunt.<\/p>\n","protected":false},"excerpt":{"rendered":"Francesc Xavier Fern\u00e1ndez Hern\u00e1ndez, nascut a Barcelona i ve\u00ed de la ciutat de Palma de Mallorca, materialitza el seu expr\u00e9s desig en la constituci\u00f3 de la FUNDACI\u00d3 XAFER com a Instituci\u00f3 i Organitzaci\u00f3 al servei dels \u00e9ssers humans, per acompanyar i ajudar a tot home en el seu dret a: &#8220;Ser feli\u00e7, viure feli\u00e7 i&#8230;","protected":false},"author":1,"featured_media":0,"parent":0,"menu_order":0,"comment_status":"closed","ping_status":"closed","template":"index.php","meta":{"footnotes":""},"class_list":["post-102","page","type-page","status-publish","hentry"],"_links":{"self":[{"href":"http:\/\/santfrancesc.fundacionxafer.org\/es\/wp-json\/wp\/v2\/pages\/102","targetHints":{"allow":["GET"]}}],"collection":[{"href":"http:\/\/santfrancesc.fundacionxafer.org\/es\/wp-json\/wp\/v2\/pages"}],"about":[{"href":"http:\/\/santfrancesc.fundacionxafer.org\/es\/wp-json\/wp\/v2\/types\/page"}],"author":[{"embeddable":true,"href":"http:\/\/santfrancesc.fundacionxafer.org\/es\/wp-json\/wp\/v2\/users\/1"}],"replies":[{"embeddable":true,"href":"http:\/\/santfrancesc.fundacionxafer.org\/es\/wp-json\/wp\/v2\/comments?post=102"}],"version-history":[{"count":5,"href":"http:\/\/santfrancesc.fundacionxafer.org\/es\/wp-json\/wp\/v2\/pages\/102\/revisions"}],"predecessor-version":[{"id":688,"href":"http:\/\/santfrancesc.fundacionxafer.org\/es\/wp-json\/wp\/v2\/pages\/102\/revisions\/688"}],"wp:attachment":[{"href":"http:\/\/santfrancesc.fundacionxafer.org\/es\/wp-json\/wp\/v2\/media?parent=102"}],"curies":[{"name":"wp","href":"https:\/\/api.w.org\/{rel}","templated":true}]}}

<p><strong>Francesc Xavier Fernández Hernández,</strong> nascut a Barcelona i veí de la ciutat de Palma de Mallorca, materialitza el seu exprés desig en la constitució de la <strong>FUNDACIÓ XAFER</strong> com a Institució i Organització al servei dels éssers humans, per acompanyar i ajudar a tot home en el seu dret a: <strong>&#8220;Ser feliç, viure feliç i fer feliç&#8221;.</strong></p>
<p>Lorem ipsum dolor sit amet, consectetur adipiscing elit, sed do eiusmod tempor incididunt ut labore et dolore magna aliqua. Ut enim ad minim veniam, quis nostrud exercitation ullamco laboris nisi ut aliquip ex ea commodo consequat. Duis aute irure dolor in reprehenderit in voluptate velit esse cillum dolore eu fugiat nulla pariatur. Excepteur sint occaecat cupidatat non proident, sunt in culpa qui officia deserunt mollit anim id est laborum.</p>
<p>Sed ut perspiciatis unde omnis iste natus error sit voluptatem accusantium doloremque laudantium, totam rem aperiam, eaque ipsa quae ab illo inventore veritatis et quasi architecto beatae vitae dicta sunt explicabo. Nemo enim ipsam voluptatem quia voluptas sit aspernatur aut odit aut fugit, sed quia consequuntur magni dolores eos qui ratione voluptatem sequi nesciunt.</p>

Francesc Xavier Fernández Hernández, nascut a Barcelona i veí de la ciutat de Palma de Mallorca, materialitza el seu exprés desig en la constitució de la FUNDACIÓ XAFER com a Institució i Organització al servei dels éssers humans, per acompanyar i ajudar a tot home en el seu dret a: &#8220;Ser feliç, viure feliç i&#8230;
