{"id":473,"date":"2018-04-25T19:15:03","date_gmt":"2018-04-25T19:15:03","guid":{"rendered":"http:\/\/live-sant-francesc.pantheonsite.io\/?page_id=473"},"modified":"2018-04-25T19:15:03","modified_gmt":"2018-04-25T19:15:03","slug":"el-fundador-2","status":"publish","type":"page","link":"https:\/\/santfrancesc.fundacionxafer.org\/es\/el-fundador-2\/","title":{"rendered":"El Fundador"},"content":{"rendered":"<p>Francesc Xavier Fern\u00e1ndez Hern\u00e1ndez, nacido en Barcelona y vecino de la ciudad de Palma de Mallorca, materializa su expreso deseo en la constituci\u00f3n de la FUNDACI\u00d3N XAFER como Instituci\u00f3n y Organizaci\u00f3n al servicio de los seres humanos, para acompa\u00f1ar y ayudar a todo hombre en su derecho a:<\/p>\n<blockquote>\n<p style=\"text-align: center;\">\u201cser feliz, vivir feliz y hacer feliz\u201d.<\/p>\n<\/blockquote>\n<p>Maestro de profesi\u00f3n, muy pronto ve reducido el ejercicio de la docencia como su profesi\u00f3n para dedicarse a la organizaci\u00f3n, gesti\u00f3n y direcci\u00f3n de acciones y organizaciones educativas, sociales y asistenciales. Primero como gestor de acciones educativas, posteriormente como coordinador, asesor y consultor en centros educativos y sociales, y m\u00e1s tarde como director de entidades, centros y empresas dedicadas a la ense\u00f1anza y a la formaci\u00f3n.<img loading=\"lazy\" decoding=\"async\" class=\"size-medium wp-image-108 alignright\" src=\"http:\/\/dev-xafer.pantheonsite.io\/wp-content\/uploads\/2018\/04\/057-300x284.jpg\" alt=\"\" width=\"300\" height=\"284\" \/><\/p>\n<p>Se inicia en el mundo de la educaci\u00f3n a temprana edad como monitor y director de actividades asistenciales, deportivas y culturales. M\u00e1s tarde, tras finalizar sus estudios, sigue en el mundo de la educaci\u00f3n como profesor en ense\u00f1anzas regladas y formaci\u00f3n profesional. Desde muy temprana edad siente el deseo y la necesidad de colaborar en la organizaci\u00f3n y desarrollo de actividades sociales, asistenciales, culturales y deportivas, lo que lleva a cabo por medio del voluntariado.<\/p>\n<p>Su formaci\u00f3n en el \u00e1mbito de la gesti\u00f3n de centros docentes y asistenciales es muy amplia. Adem\u00e1s de maestro, cuenta con innumerables cursos, especializaciones y postgrados que le dotan de un suficiente nivel de competencia en este campo.<\/p>\n<p>Educado en diversos Centros Cat\u00f3licos y en continua y estrecha relaci\u00f3n con personas de profunda fe cristiana, es un gran creyente y promulga la fe cristiana, adem\u00e1s de sus principios fundamentales, que son el amor, la paz y la solidaridad.<\/p>\n<p>Casado y padre de dos hijos, en la actualidad combina la hermosa y orgullosa tarea y responsabilidad de ser esposo y padre, con la tarea profesional como director y administrador de diversos centros de ense\u00f1anza y otras entidades de servicios educativos y asistenciales.<\/p>\n<p>Movido por su sentimiento solidario y de servicio dedica otra parte de su tiempo a la satisfactoria tarea de presidir la FUNDACI\u00d3N XAFER, de la que es su Fundador y en la que trabaja activamente.<\/p>\n<p>Y parte del resto de su tiempo, que a\u00fan le queda, lo dedica a la formaci\u00f3n continua y a la ampliaci\u00f3n de sus conocimientos en combinaci\u00f3n con su tiempo libre y su pasi\u00f3n por el mar y la lectura.<\/p>\n<p>Entusiasta de ver y sentir a las personas un poco m\u00e1s felices cada d\u00eda, tras estudiar y analizar que los seres humanos se mueven en la b\u00fasqueda de la felicidad, considera que la base fundamental para acceder en gran medida a dicha felicidad pasa por tener la oportunidad y la posibilidad de recibir una educaci\u00f3n, de recibir un nivel de competencia m\u00ednimo, de recibir suficientes conocimientos, t\u00e9cnicas, destrezas y habilidades que doten a la persona de suficiente capacidad intelectual para desarrollarla y de la sabidur\u00eda necesaria para lograr encontrar la suficiente felicidad interior y exterior.<\/p>\n<p>En el a\u00f1o dos mil materializa el inicio y principio de la FUNDACI\u00d3N XAFER como Instituci\u00f3n y Organizaci\u00f3n al servicio de quien lo necesite, con la clara y concreta Misi\u00f3n de acompa\u00f1ar y ayudar al ser humano para que, por medio de la ense\u00f1anza y la educaci\u00f3n, pueda encontrar la manera de<\/p>\n<p>\u201cSER FELIZ, VIVIR FELIZ y HACER FELIZ\u201d.<\/p>\n","protected":false},"excerpt":{"rendered":"Francesc Xavier Fern\u00e1ndez Hern\u00e1ndez, nacido en Barcelona y vecino de la ciudad de Palma de Mallorca, materializa su expreso deseo en la constituci\u00f3n de la FUNDACI\u00d3N XAFER como Instituci\u00f3n y Organizaci\u00f3n al servicio de los seres humanos, para acompa\u00f1ar y ayudar a todo hombre en su derecho a: \u201cser feliz, vivir feliz y hacer feliz\u201d&#8230;.","protected":false},"author":1,"featured_media":0,"parent":0,"menu_order":0,"comment_status":"closed","ping_status":"closed","template":"","meta":{"footnotes":""},"class_list":["post-473","page","type-page","status-publish","hentry"],"_links":{"self":[{"href":"https:\/\/santfrancesc.fundacionxafer.org\/es\/wp-json\/wp\/v2\/pages\/473","targetHints":{"allow":["GET"]}}],"collection":[{"href":"https:\/\/santfrancesc.fundacionxafer.org\/es\/wp-json\/wp\/v2\/pages"}],"about":[{"href":"https:\/\/santfrancesc.fundacionxafer.org\/es\/wp-json\/wp\/v2\/types\/page"}],"author":[{"embeddable":true,"href":"https:\/\/santfrancesc.fundacionxafer.org\/es\/wp-json\/wp\/v2\/users\/1"}],"replies":[{"embeddable":true,"href":"https:\/\/santfrancesc.fundacionxafer.org\/es\/wp-json\/wp\/v2\/comments?post=473"}],"version-history":[{"count":1,"href":"https:\/\/santfrancesc.fundacionxafer.org\/es\/wp-json\/wp\/v2\/pages\/473\/revisions"}],"predecessor-version":[{"id":474,"href":"https:\/\/santfrancesc.fundacionxafer.org\/es\/wp-json\/wp\/v2\/pages\/473\/revisions\/474"}],"wp:attachment":[{"href":"https:\/\/santfrancesc.fundacionxafer.org\/es\/wp-json\/wp\/v2\/media?parent=473"}],"curies":[{"name":"wp","href":"https:\/\/api.w.org\/{rel}","templated":true}]}}

<p>Francesc Xavier Fernández Hernández, nacido en Barcelona y vecino de la ciudad de Palma de Mallorca, materializa su expreso deseo en la constitución de la FUNDACIÓN XAFER como Institución y Organización al servicio de los seres humanos, para acompañar y ayudar a todo hombre en su derecho a:</p>
<blockquote>
<p style="text-align: center;">“ser feliz, vivir feliz y hacer feliz”.</p>
</blockquote>
<p>Maestro de profesión, muy pronto ve reducido el ejercicio de la docencia como su profesión para dedicarse a la organización, gestión y dirección de acciones y organizaciones educativas, sociales y asistenciales. Primero como gestor de acciones educativas, posteriormente como coordinador, asesor y consultor en centros educativos y sociales, y más tarde como director de entidades, centros y empresas dedicadas a la enseñanza y a la formación.<img loading="lazy" decoding="async" class="size-medium wp-image-108 alignright" src="http://dev-xafer.pantheonsite.io/wp-content/uploads/2018/04/057-300x284.jpg" alt="" width="300" height="284" /></p>
<p>Se inicia en el mundo de la educación a temprana edad como monitor y director de actividades asistenciales, deportivas y culturales. Más tarde, tras finalizar sus estudios, sigue en el mundo de la educación como profesor en enseñanzas regladas y formación profesional. Desde muy temprana edad siente el deseo y la necesidad de colaborar en la organización y desarrollo de actividades sociales, asistenciales, culturales y deportivas, lo que lleva a cabo por medio del voluntariado.</p>
<p>Su formación en el ámbito de la gestión de centros docentes y asistenciales es muy amplia. Además de maestro, cuenta con innumerables cursos, especializaciones y postgrados que le dotan de un suficiente nivel de competencia en este campo.</p>
<p>Educado en diversos Centros Católicos y en continua y estrecha relación con personas de profunda fe cristiana, es un gran creyente y promulga la fe cristiana, además de sus principios fundamentales, que son el amor, la paz y la solidaridad.</p>
<p>Casado y padre de dos hijos, en la actualidad combina la hermosa y orgullosa tarea y responsabilidad de ser esposo y padre, con la tarea profesional como director y administrador de diversos centros de enseñanza y otras entidades de servicios educativos y asistenciales.</p>
<p>Movido por su sentimiento solidario y de servicio dedica otra parte de su tiempo a la satisfactoria tarea de presidir la FUNDACIÓN XAFER, de la que es su Fundador y en la que trabaja activamente.</p>
<p>Y parte del resto de su tiempo, que aún le queda, lo dedica a la formación continua y a la ampliación de sus conocimientos en combinación con su tiempo libre y su pasión por el mar y la lectura.</p>
<p>Entusiasta de ver y sentir a las personas un poco más felices cada día, tras estudiar y analizar que los seres humanos se mueven en la búsqueda de la felicidad, considera que la base fundamental para acceder en gran medida a dicha felicidad pasa por tener la oportunidad y la posibilidad de recibir una educación, de recibir un nivel de competencia mínimo, de recibir suficientes conocimientos, técnicas, destrezas y habilidades que doten a la persona de suficiente capacidad intelectual para desarrollarla y de la sabiduría necesaria para lograr encontrar la suficiente felicidad interior y exterior.</p>
<p>En el año dos mil materializa el inicio y principio de la FUNDACIÓN XAFER como Institución y Organización al servicio de quien lo necesite, con la clara y concreta Misión de acompañar y ayudar al ser humano para que, por medio de la enseñanza y la educación, pueda encontrar la manera de</p>
<p>“SER FELIZ, VIVIR FELIZ y HACER FELIZ”.</p>

Francesc Xavier Fernández Hernández, nacido en Barcelona y vecino de la ciudad de Palma de Mallorca, materializa su expreso deseo en la constitución de la FUNDACIÓN XAFER como Institución y Organización al servicio de los seres humanos, para acompañar y ayudar a todo hombre en su derecho a: “ser feliz, vivir feliz y hacer feliz”&#8230;.
